{"id":29,"date":"2022-05-02T22:05:37","date_gmt":"2022-05-02T20:05:37","guid":{"rendered":"http:\/\/wabrzeskadziesiatka.dkonto.pl\/?page_id=29"},"modified":"2025-09-04T23:39:27","modified_gmt":"2025-09-04T21:39:27","slug":"program","status":"publish","type":"page","link":"https:\/\/wabrzeskadziesiatka.pl\/index.php\/program\/","title":{"rendered":"Program"},"content":{"rendered":"\n<p class=\"has-foreground-color has-text-color has-medium-font-size\"><strong>PI\u0104TEK \u2013 5 WRZE\u015aNIA 2025<\/strong><br>17.00-19.00 \u2013 wydawanie pakiet\u00f3w do biegu g\u0142\u00f3wnego w biurze zawod\u00f3w (SP3)<\/p>\n\n\n\n<p class=\"has-foreground-color has-text-color has-medium-font-size\"><br><strong>SOBOTA \u2013 6 WRZE\u015aNIA 2025<\/strong><br>8.00-10.00 \u2013 wydawanie pakiet\u00f3w do biegu g\u0142\u00f3wnego w biurze zawod\u00f3w (SP3)<br>8:00 \u2013 otwarcie biura zawod\u00f3w Bieg Dzieci (STADION)<br>8:45 \u2013 rozgrzewka dla dzieci<br>8:55 \u2013 przygotowanie do startu Biegu Dzieci<br>9:00 \u2013 start Biegu Dzieci w kategoriach wiekowych \u201eod najm\u0142odszych\u201d<br>10:30 \u2013 powitanie, otwarcie Biegu G\u0142\u00f3wnego<br>10:40 \u2013 rozgrzewka do biegu g\u0142\u00f3wnego<br>10:50 \u2013 ustawianie do startu biegu g\u0142\u00f3wnego<br>11:00 \u2013 start biegu g\u0142\u00f3wnego 10 km<br>11:32 \u2013 powitanie pierwszego biegacza<br>12:30 \u2013 wr\u0119czenie nagr\u00f3d<br>13:00 \u2013 oficjalne zako\u0144czenie<br>11:30 \u2013 13:00 \u2013 pocz\u0119stunek w strefie biegacza<\/p>\n\n\n\n<p class=\"has-vivid-red-color has-text-color has-medium-font-size\"><\/p>\n\n\n\n<p class=\"has-medium-font-size\"><em><br><\/em><\/p>\n","protected":false},"excerpt":{"rendered":"<p>PI\u0104TEK \u2013 5 WRZE\u015aNIA 202517.00-19.00 \u2013 wydawanie pakiet\u00f3w do biegu g\u0142\u00f3wnego w biurze zawod\u00f3w (SP3) SOBOTA \u2013 6 WRZE\u015aNIA 20258.00-10.00 \u2013 wydawanie pakiet\u00f3w do biegu g\u0142\u00f3wnego w biurze zawod\u00f3w (SP3)8:00 \u2013 otwarcie biura zawod\u00f3w Bieg Dzieci (STADION)8:45 \u2013 rozgrzewka dla dzieci8:55 \u2013 przygotowanie do startu Biegu Dzieci9:00 \u2013 start Biegu Dzieci w kategoriach wiekowych \u201eod [&hellip;]<\/p>\n","protected":false},"author":1,"featured_media":0,"parent":0,"menu_order":0,"comment_status":"closed","ping_status":"closed","template":"","meta":{"ngg_post_thumbnail":0,"footnotes":""},"class_list":["post-29","page","type-page","status-publish","hentry"],"_links":{"self":[{"href":"https:\/\/wabrzeskadziesiatka.pl\/index.php\/wp-json\/wp\/v2\/pages\/29","targetHints":{"allow":["GET"]}}],"collection":[{"href":"https:\/\/wabrzeskadziesiatka.pl\/index.php\/wp-json\/wp\/v2\/pages"}],"about":[{"href":"https:\/\/wabrzeskadziesiatka.pl\/index.php\/wp-json\/wp\/v2\/types\/page"}],"author":[{"embeddable":true,"href":"https:\/\/wabrzeskadziesiatka.pl\/index.php\/wp-json\/wp\/v2\/users\/1"}],"replies":[{"embeddable":true,"href":"https:\/\/wabrzeskadziesiatka.pl\/index.php\/wp-json\/wp\/v2\/comments?post=29"}],"version-history":[{"count":12,"href":"https:\/\/wabrzeskadziesiatka.pl\/index.php\/wp-json\/wp\/v2\/pages\/29\/revisions"}],"predecessor-version":[{"id":3488,"href":"https:\/\/wabrzeskadziesiatka.pl\/index.php\/wp-json\/wp\/v2\/pages\/29\/revisions\/3488"}],"wp:attachment":[{"href":"https:\/\/wabrzeskadziesiatka.pl\/index.php\/wp-json\/wp\/v2\/media?parent=29"}],"curies":[{"name":"wp","href":"https:\/\/api.w.org\/{rel}","templated":true}]}}